10010101100 + -111000001101000?
-111010100010100
In base 5, what is 0 + -13321201431?
-13321201431
In base 6, what is -20 - -1410531404?
1410531344
In base 13, what is 1ca - -14a503?
14a700
In base 15, what is 121c2c - 21?
121c0b
In base 2, what is -10110001101 + 1010110010111110?
1010011100110001
In base 5, what is 3 + -232101233?
-232101230
In base 13, what is -246926 - -748?
-2461ab
In base 16, what is -4aec3 + -7d5?
-4b698
In base 2, what is 11 + 1000101110111111111?
1000101111000000010
In base 13, what is -31b293 - -3?
-31b290
In base 15, what is -ab637 + -3?
-ab63a
In base 12, what is 1 + 625bb435?
625bb436
In base 4, what is -332322123 - 32?
-332322221
In base 6, what is -5 - -2030204?
2030155
In base 8, what is 4546755 - -302?
4547257
In base 10, what is -911 - -267038?
266127
In base 12, what is 153 - 2843?
-26b0
In base 10, what is 4445463 + -2?
4445461
In base 15, what is -4 - 54436b1?
-54436b5
In base 5, what is 1303040 + -31200?
1221340
In base 2, what is -101 - -1000001010010111100010?
1000001010010111011101
In base 6, what is 2 - -3145524103?
3145524105
In base 14, what is 4125462 + -5?
412545b
In base 7, what is -4 - -4015543?
4015536
In base 12, what is -3139b0 - -14?
-313998
In base 6, what is -30251 - -40440?
10145
In base 10, what is -4 - -38591850?
38591846
In base 11, what is -265 + 14a930?
14a676
In base 14, what is d9a + 310?
12aa
In base 10, what is -1445660 + 52?
-1445608
In base 8, what is 3 + 72534240?
72534243
In base 9, what is 40565405 - 4?
40565401
In base 9, what is 26086504 + 5?
26086510
In base 13, what is -9a2163 + -16?
-9a2179
In base 14, what is -4bda10 - -32?
-4bd9bc
In base 13, what is 1226b - 270?
11ccb
In base 5, what is -411241314 + -32?
-411241401
In base 15, what is -17d4b65 - 4?
-17d4b69
In base 5, what is 3 - -301232443?
301233001
In base 5, what is -130341433 + -4?
-130341442
In base 8, what is 1 - -724126?
724127
In base 10, what is -162838 + 6?
-162832
In base 2, what is -110111001111011 - -101000110100?
-110010001000111
In base 8, what is -16324354 + 2?
-16324352
In base 3, what is 22122 - -10202022?
11001221
In base 2, what is -1110110101000 - -110000100000110?
100001101011110
In base 3, what is 112022 + -1112002201?
-1111120102
In base 11, what is -3 - -128950?
128948
In base 8, what is 2620 + -27212?
-24372
In base 9, what is -501 + 6630?
6128
In base 15, what is -8167991 + -4?
-8167995
In base 15, what is -23e6 + 22b?
-21ba
In base 10, what is 3171353 + -5?
3171348
In base 12, what is 3 - 144a32a0?
-144a3299
In base 10, what is 332956 - 161?
332795
In base 16, what is 4fd9713 - 5?
4fd970e
In base 10, what is 881 - 280?
601
In base 4, what is 32310 - 102303?
-3333
In base 4, what is -3311323030320 - -20?
-3311323030300
In base 8, what is -313 + -61162?
-61475
In base 9, what is -5 - 8400452?
-8400457
In base 10, what is 23 + -13986761?
-13986738
In base 5, what is -10 - -12314432433?
12314432423
In base 5, what is -12 - -1234343023?
1234343011
In base 15, what is -4 - 311e6?
-311ea
In base 11, what is -27380a - -201?
-273609
In base 2, what is 110101100011101 - 100000111010?
110001011100011
In base 12, what is -1 + -2bb1a524?
-2bb1a525
In base 3, what is 21212121212 + -11202?
21212110010
In base 4, what is -2121220 + 31102333?
22321113
In base 4, what is -133201100030 - -3?
-133201100021
In base 16, what is -5 - 3cba5d5?
-3cba5da
In base 4, what is 13 + 320013130012?
320013130031
In base 12, what is -11aa05439 + 2?
-11aa05437
In base 9, what is 655287 + 167?
655465
In base 8, what is 32160454 + 4?
32160460
In base 6, what is -5 - -4001100?
4001051
In base 5, what is 11 + -2440321242?
-2440321231
In base 13, what is -230 + 8503?
82a3
In base 15, what is 2 + 776c799?
776c79b
In base 4, what is 1022123 - -1321?
1030110
In base 12, what is 1 - 323a73?
-323a72
In base 15, what is 428 + 408e?
44b7
In base 3, what is 1001010120022110010 - 1?
1001010120022110002
In base 12, what is 2a51992 - -3?
2a51995
In base 8, what is 15247 + -7634?
5413
In base 8, what is 14262 - -546?
15030
In base 15, what is -2ec0b - -2?
-2ec09
In base 11, what is -5 - 495983a?
-4959844
In base 15, what is 1 - 85c298?
-85c297
In base 16, what is 92329 + -b?
9231e
In base 6, what is -441432 - 13141?
-455013
In base 14, what is cd3 - -19d9?
28cc
In base 5, what is 21402122 + 12210?
21414332
In base 14, what is -5 - 8513db?
-851402
In base 5, what is 32330310 - -2404?
32333214
In base 16, what is 94 + 514c8?
5155c
In base 8, what is 24346 - -6124?
32472
In base 2, what is 101001110010110 + 101100001?
101010011110111
In base 7, what is 404442325 - 4?
404442321
In base 6, what is -222150550 + -121?
-222151111
In base 2, what is 1110101010111 - 100110100010?
1001110110101
In base 16, what is -e - 293686?
-293694
In base 7, what is 54462314 - 3?
54462311
In base 8, what is -1 + 33446360?
33446357
In base 10, what is 6 + 256719712?
256719718
In base 12, what is -a1 - -98b64?
98a83
In base 6, what is 21141510 - 5?
21141501
In base 7, what is 22 - 1312366?
-1312344
In base 3, what is 1221110221011101 - -22?
1221110221011200
In base 10, what is 2940 - 1859?
1081
In base 10, what is 1 + 1575717?
1575718
In base 12, what is -5 + 44b6650?
44b6647
In base 15, what is -55 + 658c?
6537
In base 6, what is 11 + -1310400?
-1310345
In base 5, what is 33000 + 44104?
132104
In base 13, what is -381613 + -4?
-381617
In base 6, what is 15 - -244002354?
244002413
In base 4, what is -131 - -301000120?
300333323
In base 11, what is -220352a73 + -1?
-220352a74
In base 16, what is -296b8d - 28?
-296bb5
In base 3, what is -2112 - -2202221102?
2202211220
In base 9, what is -83515 - 140?
-83655
In base 14, what is -4 + 2bba6a6?
2bba6a2
In base 6, what is -110423300 + 24?
-110423232
In base 15, what is -233 - 78d7?
-7b1a
In base 3, what is -10 + 10212202212101112?
10212202212101102
In base 4, what is 31 - -1012213313330?
1012213320021
In base 2, what is 10 + -11101100000010001100000101?
-11101100000010001100000011
In base 12, what is 207 - -11b28?
12133
In base 10, what is 2992257 + -2?
2992255
In base 2, what is 10010100011100101010 + 0?
10010100011100101010
In base 14, what is 5 + 1439b69?
1439b70
In base 16, what is -d05ca0 + -5?
-d05ca5
In base 7, what is 22504 - -2540?
25344
In base 2, what is 0 + -11101000001100101000000?
-11101000001100101000000
In base 11, what is 0 - 1773315?
-1773315
In base 16, what is -675ef22 - -2?
-675ef20
In base 6, what is -231 + -22421?
-23052
In base 4, what is 10 + -130332023121?
-130332023111
In base 4, what is 3 - 200333303011?
-200333303002
In base 14, what is -73058c3 - 6?
-73058c9
In base 7, what is -56214361 - 111?
-56214502
In base 5, what is -241140 + -1342?
-243032
In base 11, what is -230450 - 8?
-230458
In base 15, what is 28 + -11ab4?
-11a8b
In base 11, what is -3 + -31570a9?
-3157101
In base 8, what is -2201 + -330553?
-332754
In base 7, what is 2 + -24405403?
-24405401
In base 15, what is -166a0e - 5?
-166a14
In base 9, what is 13000503 + 1?
13000504
In base 9, what is 5 - -1453545?
1453551
In base 16, what is -5 + -324ede?
-324ee3
In base 4, what is 1 - 202213031022?
-202213031021
In base 11, what is 683 + -126946?
-126273
In base 3, what is -11112 - -21112010211?
21111222022
In base 2, what is -1101 - 101111111001100011?
-101111111001110000
In base 6, what is -11115 - 4101553?
-4113112
In base 15, what is 43483 - -3d?
434c1
In base 9, what is 16 + -10018071?
-10018054
In base 9, what is -70374 - 3?
-70377
In base 12, what is 245112 + -675?
244659
In base 8, what is -1023600115 + 0?
-1023600115
In base 12, what is -35b9b - -113?
-35a88
In base 14, what is 1a - 8bc72?
-8bc56
In base 9, what is 336858 + -370?
336478
In base 8, what is -405110300 - -1?
-405110277
In base 9, what is -5830 - 1616?
-7546
In base 12, what is 2 + 7444435?
7444437
In base 9, what is 4 - 101752377?
-101752373
In base 14, what is -64 - 19694?
-19718
In base 15, what is a7c656 + -6?
a7c650
In base 4, what is -11212220101 + 223?
-11212213212
In base 8, what is -5436 + -1224?
-6662
In base 11, what is 26 - 19878196?
-19878170
In base 12, what is -2655 + -b19?
-3572
In base 4, what is 22230023331113 + 3?
22230023331122
In base 6, what is 13313 + -234042?
-220325
In base 7, what is -10153600 - -3?
-10153564
In base 2, what is 11100001